{"id":1099,"date":"2023-01-13T16:20:18","date_gmt":"2023-01-13T15:20:18","guid":{"rendered":"https:\/\/alsacevelopassion.fr\/services-VAE\/?page_id=1099"},"modified":"2026-03-18T16:17:56","modified_gmt":"2026-03-18T15:17:56","slug":"aide","status":"publish","type":"page","link":"https:\/\/alsacevelopassion.fr\/services-VAE\/aide\/","title":{"rendered":"Aides \u00e0 l&rsquo;achat"},"content":{"rendered":"","protected":false},"excerpt":{"rendered":"","protected":false},"author":2,"featured_media":0,"parent":0,"menu_order":0,"comment_status":"closed","ping_status":"closed","template":"","meta":{"_acf_changed":false,"inline_featured_image":false,"footnotes":""},"class_list":["post-1099","page","type-page","status-publish","hentry"],"acf":[],"yoast_head":"<!-- This site is optimized with the Yoast SEO plugin v26.6 - https:\/\/yoast.com\/wordpress\/plugins\/seo\/ -->\n<title>Aides \u00e0 l&#039;achat - Alsace V\u00e9lo Passion<\/title>\n<meta name=\"description\" content=\"Profitez des aides financi\u00e8res pour l\u2019achat de votre v\u00e9lo \u00e9lectrique en Alsace. Alsace V\u00e9lo Passion vous guide pour b\u00e9n\u00e9ficier des subventions, choisir votre VAE et profiter de nos services premium \u00e0 Marlenheim et Strasbourg.\" \/>\n<meta name=\"robots\" content=\"index, follow, max-snippet:-1, max-image-preview:large, max-video-preview:-1\" \/>\n<link rel=\"canonical\" href=\"https:\/\/alsacevelopassion.fr\/services-VAE\/aide\/\" \/>\n<meta property=\"og:locale\" content=\"fr_FR\" \/>\n<meta property=\"og:type\" content=\"article\" \/>\n<meta property=\"og:title\" content=\"Aides \u00e0 l&#039;achat - Alsace V\u00e9lo Passion\" \/>\n<meta property=\"og:description\" content=\"Profitez des aides financi\u00e8res pour l\u2019achat de votre v\u00e9lo \u00e9lectrique en Alsace. Alsace V\u00e9lo Passion vous guide pour b\u00e9n\u00e9ficier des subventions, choisir votre VAE et profiter de nos services premium \u00e0 Marlenheim et Strasbourg.\" \/>\n<meta property=\"og:url\" content=\"https:\/\/alsacevelopassion.fr\/services-VAE\/aide\/\" \/>\n<meta property=\"og:site_name\" content=\"Alsace V\u00e9lo Passion\" \/>\n<meta property=\"article:modified_time\" content=\"2026-03-18T15:17:56+00:00\" \/>\n<meta name=\"twitter:card\" content=\"summary_large_image\" \/>\n<script type=\"application\/ld+json\" class=\"yoast-schema-graph\">{\"@context\":\"https:\/\/schema.org\",\"@graph\":[{\"@type\":\"WebPage\",\"@id\":\"https:\/\/alsacevelopassion.fr\/services-VAE\/aide\/\",\"url\":\"https:\/\/alsacevelopassion.fr\/services-VAE\/aide\/\",\"name\":\"Aides \u00e0 l'achat - Alsace V\u00e9lo Passion\",\"isPartOf\":{\"@id\":\"https:\/\/alsacevelopassion.fr\/services-VAE\/#website\"},\"datePublished\":\"2023-01-13T15:20:18+00:00\",\"dateModified\":\"2026-03-18T15:17:56+00:00\",\"description\":\"Profitez des aides financi\u00e8res pour l\u2019achat de votre v\u00e9lo \u00e9lectrique en Alsace. Alsace V\u00e9lo Passion vous guide pour b\u00e9n\u00e9ficier des subventions, choisir votre VAE et profiter de nos services premium \u00e0 Marlenheim et Strasbourg.\",\"breadcrumb\":{\"@id\":\"https:\/\/alsacevelopassion.fr\/services-VAE\/aide\/#breadcrumb\"},\"inLanguage\":\"fr-FR\",\"potentialAction\":[{\"@type\":\"ReadAction\",\"target\":[\"https:\/\/alsacevelopassion.fr\/services-VAE\/aide\/\"]}]},{\"@type\":\"BreadcrumbList\",\"@id\":\"https:\/\/alsacevelopassion.fr\/services-VAE\/aide\/#breadcrumb\",\"itemListElement\":[{\"@type\":\"ListItem\",\"position\":1,\"name\":\"Home\",\"item\":\"https:\/\/alsacevelopassion.fr\/services-VAE\/\"},{\"@type\":\"ListItem\",\"position\":2,\"name\":\"Aides \u00e0 l&rsquo;achat\"}]},{\"@type\":\"WebSite\",\"@id\":\"https:\/\/alsacevelopassion.fr\/services-VAE\/#website\",\"url\":\"https:\/\/alsacevelopassion.fr\/services-VAE\/\",\"name\":\"Alsace V\u00e9lo Passion\",\"description\":\"Un site utilisant WordPress\",\"potentialAction\":[{\"@type\":\"SearchAction\",\"target\":{\"@type\":\"EntryPoint\",\"urlTemplate\":\"https:\/\/alsacevelopassion.fr\/services-VAE\/?s={search_term_string}\"},\"query-input\":{\"@type\":\"PropertyValueSpecification\",\"valueRequired\":true,\"valueName\":\"search_term_string\"}}],\"inLanguage\":\"fr-FR\"}]}<\/script>\n<!-- \/ Yoast SEO plugin. -->","yoast_head_json":{"title":"Aides \u00e0 l'achat - Alsace V\u00e9lo Passion","description":"Profitez des aides financi\u00e8res pour l\u2019achat de votre v\u00e9lo \u00e9lectrique en Alsace. Alsace V\u00e9lo Passion vous guide pour b\u00e9n\u00e9ficier des subventions, choisir votre VAE et profiter de nos services premium \u00e0 Marlenheim et Strasbourg.","robots":{"index":"index","follow":"follow","max-snippet":"max-snippet:-1","max-image-preview":"max-image-preview:large","max-video-preview":"max-video-preview:-1"},"canonical":"https:\/\/alsacevelopassion.fr\/services-VAE\/aide\/","og_locale":"fr_FR","og_type":"article","og_title":"Aides \u00e0 l'achat - Alsace V\u00e9lo Passion","og_description":"Profitez des aides financi\u00e8res pour l\u2019achat de votre v\u00e9lo \u00e9lectrique en Alsace. Alsace V\u00e9lo Passion vous guide pour b\u00e9n\u00e9ficier des subventions, choisir votre VAE et profiter de nos services premium \u00e0 Marlenheim et Strasbourg.","og_url":"https:\/\/alsacevelopassion.fr\/services-VAE\/aide\/","og_site_name":"Alsace V\u00e9lo Passion","article_modified_time":"2026-03-18T15:17:56+00:00","twitter_card":"summary_large_image","schema":{"@context":"https:\/\/schema.org","@graph":[{"@type":"WebPage","@id":"https:\/\/alsacevelopassion.fr\/services-VAE\/aide\/","url":"https:\/\/alsacevelopassion.fr\/services-VAE\/aide\/","name":"Aides \u00e0 l'achat - Alsace V\u00e9lo Passion","isPartOf":{"@id":"https:\/\/alsacevelopassion.fr\/services-VAE\/#website"},"datePublished":"2023-01-13T15:20:18+00:00","dateModified":"2026-03-18T15:17:56+00:00","description":"Profitez des aides financi\u00e8res pour l\u2019achat de votre v\u00e9lo \u00e9lectrique en Alsace. Alsace V\u00e9lo Passion vous guide pour b\u00e9n\u00e9ficier des subventions, choisir votre VAE et profiter de nos services premium \u00e0 Marlenheim et Strasbourg.","breadcrumb":{"@id":"https:\/\/alsacevelopassion.fr\/services-VAE\/aide\/#breadcrumb"},"inLanguage":"fr-FR","potentialAction":[{"@type":"ReadAction","target":["https:\/\/alsacevelopassion.fr\/services-VAE\/aide\/"]}]},{"@type":"BreadcrumbList","@id":"https:\/\/alsacevelopassion.fr\/services-VAE\/aide\/#breadcrumb","itemListElement":[{"@type":"ListItem","position":1,"name":"Home","item":"https:\/\/alsacevelopassion.fr\/services-VAE\/"},{"@type":"ListItem","position":2,"name":"Aides \u00e0 l&rsquo;achat"}]},{"@type":"WebSite","@id":"https:\/\/alsacevelopassion.fr\/services-VAE\/#website","url":"https:\/\/alsacevelopassion.fr\/services-VAE\/","name":"Alsace V\u00e9lo Passion","description":"Un site utilisant WordPress","potentialAction":[{"@type":"SearchAction","target":{"@type":"EntryPoint","urlTemplate":"https:\/\/alsacevelopassion.fr\/services-VAE\/?s={search_term_string}"},"query-input":{"@type":"PropertyValueSpecification","valueRequired":true,"valueName":"search_term_string"}}],"inLanguage":"fr-FR"}]}},"_links":{"self":[{"href":"https:\/\/alsacevelopassion.fr\/services-VAE\/wp-json\/wp\/v2\/pages\/1099","targetHints":{"allow":["GET"]}}],"collection":[{"href":"https:\/\/alsacevelopassion.fr\/services-VAE\/wp-json\/wp\/v2\/pages"}],"about":[{"href":"https:\/\/alsacevelopassion.fr\/services-VAE\/wp-json\/wp\/v2\/types\/page"}],"author":[{"embeddable":true,"href":"https:\/\/alsacevelopassion.fr\/services-VAE\/wp-json\/wp\/v2\/users\/2"}],"replies":[{"embeddable":true,"href":"https:\/\/alsacevelopassion.fr\/services-VAE\/wp-json\/wp\/v2\/comments?post=1099"}],"version-history":[{"count":44,"href":"https:\/\/alsacevelopassion.fr\/services-VAE\/wp-json\/wp\/v2\/pages\/1099\/revisions"}],"predecessor-version":[{"id":1700,"href":"https:\/\/alsacevelopassion.fr\/services-VAE\/wp-json\/wp\/v2\/pages\/1099\/revisions\/1700"}],"wp:attachment":[{"href":"https:\/\/alsacevelopassion.fr\/services-VAE\/wp-json\/wp\/v2\/media?parent=1099"}],"curies":[{"name":"wp","href":"https:\/\/api.w.org\/{rel}","templated":true}]}}